 = -p*o. Suppose 6*n - o*n = -142. What is the tens digit of n?
4
Let z = 3124 + -332. Suppose -5*i + 1593 = -z. What is the tens digit of i?
7
Suppose 4*a - 2473 = 1591. Suppose -q + 770 = z, -q + 2*z - 252 + a = 0. What is the hundreds digit of q?
7
Let k = 104 + -106. What is the tens digit of (-2316)/18*3/k?
9
Suppose -16*g - 127018 = -761498. What is the hundreds digit of g?
6
Suppose 0 = 2*u - 17 + 11. Suppose 0 = -u*v + 173 + 928. What is the tens digit of v?
6
What is the units digit of -3 + (3 - 13) + 2119?
6
Let r = -2118 + 1481. Let t = r + 2385. What is the units digit of t?
8
Let y be (-2)/13 + 20292/247. Let t = 81 - y. What is the tens digit of (-24 + 22)*(t + 81/(-2))?
8
Suppose 2*p = -5*i + 5*p - 29, p = 3. What is the units digit of 191 + 3/((-6)/i)?
3
Let l be (-3)/9*(-22 - -22). Suppose l = 4*p - 16*p + 3072. What is the hundreds digit of p?
2
Let m = -220 - -222. Suppose 4*a - 3*t - 946 = m*a, t = 4. What is the tens digit of a?
7
Suppose -65*j - 648511 = -2128366. What is the ten thousands digit of j?
2
Let h(q) = 7*q + 5. Let d be h(7). Suppose d = -a + 157. What is the units digit of a?
3
Let q = 7372 - -368. What is the thousands digit of q?
7
Suppose 0 = v - 4*r - 2121, 4*v - 8522 = -41*r + 38*r. What is the units digit of v?
9
Let o = 35 - 275. Let l = 350 + o. Let c = l - 58. What is the units digit of c?
2
Suppose -59*p + 1416656 = -24*p + 362841. What is the tens digit of p?
0
Let d(x) = 6*x**2 - 9*x**2 - 15 - 10*x + 2*x**2. Let l = 66 - 71. What is the units digit of d(l)?
0
Let y be 5/(-15)*-12 - -1. Suppose 0 = 4*v + y*k - 2883, 12*v - 17*v + 3*k = -3613. What is the units digit of v?
2
Let x be 1 + -7 + -17 + 3 + 12. Let d(b) = 8*b**2 - 16*b - 82. What is the hundreds digit of d(x)?
5
Suppose 22 + 11 = n. Suppose 0 = -10*y - 42 + 152. Suppose -m + 5*d + y = -n, -3*m + 227 = 4*d. What is the units digit of m?
9
Let r = -629 - -630. What is the hundreds digit of 1 - (r - 579) - (18 + -23)?
5
What is the hundreds digit of (48280/15 + 11)/((-1)/(-3))?
6
Suppose -4*a - 4*l = -3*l - 39, 2*l = -4*a + 42. What is the hundreds digit of a*(2 - (-182)/7)?
2
Suppose 4 = b, -2*b - 5083 = -3*w + 129. Suppose 0 = -4*t - t + w. Let u = 657 - t. What is the units digit of u?
9
Let t(q) = q**3 + 9*q**2 + 11*q + 34. Let p be t(-9). Let s = 275 - p. What is the units digit of s?
0
Let n = 37 - 35. Suppose l - 5*l = -g + 39, n*l = -10. Suppose -g = -y + 3. What is the units digit of y?
2
Suppose 59*z - 29*z - 311468 = 238102. What is the units digit of z?
9
Let q = -13640 - -19177. What is the thousands digit of q?
5
Suppose -6*k - 20 + 44 = 0. What is the hundreds digit of -1 + (-5815)/(-20) + (-3)/k?
2
Let m(c) = -2*c**2 + 6*c + 14. Let q be m(6). Let r(a) = a**2 + 19*a + 7. Let p be r(q). Suppose -2*h = -77 - p. What is the tens digit of h?
7
What is the ten thousands digit of (80 - 93) + (0 - -18541)?
1
Let j be (-28)/15 - (-60)/(-450). Suppose -5*i - 2 + 107 = 0. Let c = i - j. What is the units digit of c?
3
Suppose 17*q + 29*q + 41*q = 1233486. What is the tens digit of q?
7
Let n(d) = -d**2 + 16*d + 3. Let b be n(16). Suppose -5*k - 45 = -2*s + 29, 3*s - 129 = b*k. What is the tens digit of s?
4
Let s(n) = n**2 - 5*n + 6. Let a be s(3). Suppose 5*b + 4*v - 2420 = a, -3*b - 10*v + 1479 = -13*v. What is the units digit of b?
8
Let y be 2017 - 12*(-1)/(-4). Suppose -21*d + 4475 = -y. What is the units digit of d?
9
Suppose 15*a - 23073 + 6069 = 11526. What is the hundreds digit of a?
9
Let a be 49/(-3) - 2/(-6). Let k(z) be the third derivative of -5*z**4/24 + 10*z**3/3 + 717*z**2. What is the hundreds digit of k(a)?
1
Suppose 94*h - 175*h = -115*h + 229636. What is the tens digit of h?
5
Suppose -12*x + 7*x = -5775. Let t = -598 + x. What is the units digit of t?
7
Let f = 2231 - 3461. Let x = f - -1847. What is the units digit of x?
7
Let x(g) = 2*g**3 - 8*g**2 + 7*g + 11. Let p be x(5). Suppose 0 = -36*h + 39*h + p. What is the units digit of (-1996)/(-10) + h/20 + 1?
9
Let c(u) = 18*u**2 - 53*u - 2452. What is the thousands digit of c(-27)?
2
Suppose 184*j + 16704 = 190*j. Suppose -5*z + 6*m - 4*m + 4640 = 0, 3*z = -4*m + j. What is the hundreds digit of z?
9
Let f be (27/(-18))/(2*6/(-104)). Suppose 0 = -5*d + f*d - 6104. What is the tens digit of d?
6
Let o(z) = -z**3 - 5*z**2 - 6*z - 6. Let u be o(-4). Let p(j) = 4*j**2 + j**u - 3*j**2 + j + j. What is the units digit of p(-6)?
0
Let u(j) = 5*j**2 - 31*j - 7. Let t = 217 - 229. What is the tens digit of u(t)?
8
Let y(f) = f**3 + 32*f**2 - 10*f - 90. What is the thousands digit of y(-22)?
4
Let y = 11769 - 4163. What is the units digit of y?
6
Let w(l) = -217*l - 253. What is the tens digit of w(-7)?
6
What is the units digit of ((-3)/(-2))/((-129)/(-120056))?
6
Suppose -t = 3*g + 42, 2*t = -0*g + 2*g - 100. Let u = t + 111. Suppose -4*x - u = -427. What is the tens digit of x?
9
Let u(w) = 6*w**3 - 2*w**2 - 2*w + 4. Let k be u(-2). What is the units digit of (-4352)/(-6) + -4*8/k?
6
Suppose -2*r = -171 - 2509. Suppose -l + 4*y = -262, 3*l = -4*y - 522 + r. What is the units digit of l?
0
Suppose -n - 3*h = -6990, 85*h = -n + 86*h + 6974. What is the thousands digit of n?
6
Suppose 3*q + 1112 = -2*c, -432 = -3*q - 5*c - 1538. Let z = 607 + q. What is the units digit of z?
5
Let o = 8313 - -1015. What is the units digit of o?
8
Suppose 0*d - 2*u = 5*d - 65222, -4*d = 3*u - 52179. What is the thousands digit of d?
3
Let t(q) = 6*q**2 + 18*q + 15. Let u be t(-3). Let f = u - -553. What is the hundreds digit of f?
5
Suppose 0 = 3*q + 2*q - 10. Suppose 0 = 2*c + q*c - 12. Suppose 157 = c*s - 4*f, 2*s + 2*f + 0 = 86. What is the units digit of s?
7
Let g(a) = -2*a + 20 + a + 44 + 19 - 7*a. What is the units digit of g(8)?
9
Suppose 2*v = x - 24, -8*x = -3*x - 20. What is the tens digit of 101 - ((-76)/(-20) + 8/v)?
9
Suppose -48*l + 91 = -61*l. Let x(r) = r**3 + 12*r**2 - 13*r - 113. What is the hundreds digit of x(l)?
2
Let g = 21634 - -1083. What is the hundreds digit of g?
7
Suppose -4289 - 19422 = -9*i + 24529. What is the thousands digit of i?
5
Suppose -5*i - 2*m = m + 12, 2*m = 3*i + 11. Let r be 0*i/(1 - -2). Suppose r = 5*x - 477 - 233. What is the hundreds digit of x?
1
Let u = -2223 - -7890. What is the units digit of u?
7
Suppose -4*d + 1812 + 40494 = -j, -3*d + 4*j + 31736 = 0. What is the tens digit of d?
7
Let z = 27083 - -35720. What is the units digit of z?
3
Suppose 2*r = 5*w + 14317, 52*r + 35710 = 57*r + 4*w. What is the tens digit of r?
4
Suppose 6*b = -5*b + 17828 + 12092. What is the hundreds digit of b?
7
Let j = 1037 - 1007. Suppose j*q = 4*q + 39572. What is the thousands digit of q?
1
Suppose 7*u - 3*u = -296. Let l = -64 - u. What is the units digit of -2*5/(l/(-83))?
3
Let f(b) = 67*b**2 - 13*b + 12. Let v be f(1). Let t = v - -299. What is the hundreds digit of t?
3
Suppose -39*i = -64*i + 394658 + 259042. What is the units digit of i?
8
Suppose 24*w - 22*w - 36514 = 4*m, -3*m = -3*w + 54750. What is the ten thousands digit of w?
1
Let z(t) = -5 + 91*t**2 - 92*t**2 + 2*t - 4*t. Let w be z(-3). Let l = 58 - w. What is the tens digit of l?
6
Let b = 103 - 99. Suppose -j + 0*w = -b*w - 245, j + 5*w = 200. What is the tens digit of j?
2
Suppose 2*z = -2*h - 3160, -5*h + 12*z - 11*z = 7876. What is the hundreds digit of (h/(-8))/(1/2)?
3
Let g = 344 + -205. Let p(f) = g - 13*f - 120 + f. What is the units digit of p(-8)?
5
Suppose 0 = -a + 5*k + 1820, 5*k = -3 + 13. Let z = a + -1065. Suppose z = -7*p + 16*p. What is the tens digit of p?
8
Suppose 0 = -3*i - 1398 + 9843. Let y = i - 1983. Suppose 6*v - 350 = y. What is the hundreds digit of v?
1
Suppose 0 = 6*y + 18, -24*h - 3*y + 80826 = -19*h. What is the hundreds digit of h?
1
Let d(m) = 78*m - 46. Let o = 241 - 235. What is the tens digit of d(o)?
2
Suppose 0 = -29*h + 45*h - 192. Let d(a) = 2*a**2 + 12*a - 60. What is the hundreds digit of d(h)?
3
Let j(s) = -s**2 + 34*s - 61. Let x be j(23). What is the units digit of x/9*243/36?
4
Let x be -2 - (1 + -4) - -1. Suppose 0 = -w + x + 2. Suppose -r - 170 = -5*h, w*h - 7*r = -2*r + 136. What is the tens digit of h?
3
Let r(t) = -589*t + 2421. What is the tens digit of r(-37)?
1
Let d = 16974 - 7342. What is the tens digit of d?
3
Let n = -2007 -